pose 5*c - 2*c = 84. Suppose 4*b = 253 + 163. Suppose 2*s = 2*p + b + 36, s + 2*p - 70 = 0. What is the highest common factor of s and c?
14
Let s(j) = -4*j - 1. Let v be s(6). Let a = v + 43. What is the greatest common factor of a and 72?
18
Let o be (-4)/((-3)/(-22)*4/(-15)). What is the highest common divisor of o and 10?
10
Let z = 36 + -21. Calculate the highest common divisor of 15 and z.
15
Let s = 1 - -3. Let r(l) = 19*l + 2. Let u(z) = -18*z - 1. Let n(x) = s*u(x) + 3*r(x). Let o be n(-2). What is the greatest common divisor of o and 4?
4
Suppose -l = -5*l. Let y be 2*((-90)/(-4) - l). Calculate the greatest common divisor of y and 5.
5
Let t(u) = 3*u. Let n be t(15). Suppose -2 = k - 11. Calculate the greatest common divisor of k and n.
9
Let b(a) = a**3 + 4*a**2 - 3*a - 3. Let t be b(-4). Let o be (3/(-2))/(t/(-84)). Calculate the greatest common divisor of o and 35.
7
Let z be ((-3)/4)/((-1)/(-8)). Let d be ((-6)/(-5))/(z/(-15)). Suppose 9*x - 4*x - 94 = -4*o, 2*o - 5*x = 32. What is the highest common factor of o and d?
3
Suppose -6*m - 10 = -76. Calculate the highest common factor of m and 11.
11
Suppose -107 = -3*y - 2*y + o, o = -5*y + 113. Calculate the greatest common factor of 66 and y.
22
Let v = 6 + 0. Let j = -3 - -8. Suppose 30 = j*g - 0*g. What is the highest common divisor of g and v?
6
Let f(y) = 71*y**3 + 1. Let s be f(1). Suppose -3*g + 85 + 203 = 0. Suppose -3*a + a + g = 0. What is the highest common factor of a and s?
24
Let v(r) = -4*r - 1. Let w be v(-3). Let p be 3 + (-1*2 - -2). Suppose -p*h + 88 = h. Calculate the greatest common divisor of w and h.
11
Let g be (-12*1)/(12/(-32)). Calculate the greatest common factor of 256 and g.
32
Let d = -50 + 106. Calculate the greatest common factor of 14 and d.
14
Let u(d) = d**3 - 6*d**2 + d - 4. Let r be u(7). Calculate the highest common factor of r and 130.
26
Let x be -2*(-6)/8*2. Suppose 6 = i - s, 3*s - 3 = -5*i - s. What is the highest common factor of i and x?
3
Let f be 10/6*(2 + 7). Suppose -4*h = -0*h - 48. Suppose -5*j + h = -j. Calculate the greatest common divisor of f and j.
3
Let o = -31 - 4. Let h = 90 + o. Suppose -2*w = -4*s + s + 13, 4*w - 24 = -4*s. Calculate the greatest common divisor of h and s.
5
Let g = -504 - -510. Suppose 2*s - 96 = -0*s - 4*a, 4*a + 114 = 3*s. What is the highest common divisor of g and s?
6
Let v be (5 + 0)*(-3)/(-5). Suppose u - v*u = -14. What is the highest common factor of 49 and u?
7
Suppose -4*k + x + 4 = 0, -3*k - k - x = 4. Suppose k = 2*l + 10 - 40. Calculate the highest common factor of l and 60.
15
Let b(r) = 4*r - 2. Let x be b(1). Let c = -12 - 3. Let g be x - (c - (-3 - -2)). Calculate the greatest common factor of g and 64.
16
Let q = -11 - -29. What is the greatest common factor of 36 and q?
18
Let z = -148 - -248. Let k = z + -60. Calculate the highest common divisor of k and 16.
8
Let a = 8 - 10. Let w = 2 - a. Calculate the greatest common factor of 16 and w.
4
Suppose -2*t - 4*d = -14, -4 = 2*d - 6. Let f(l) = l**2 + l + 6 + 7*l + 3. Let o be f(-7). Calculate the highest common divisor of t and o.
1
Suppose -116 = -2*l - 2*m, 83 = 3*l + m - 83. Calculate the highest common factor of l and 18.
18
Let o be (-2)/(-3) - (-14)/(-3). Let x be ((-15)/2)/(2/o). Let k = 8 - 2. Calculate the highest common factor of x and k.
3
Suppose 17 - 37 = -a. Calculate the greatest common factor of a and 8.
4
Let r = 1 + 1. Let d(m) = -m**3 + 4*m**2 - 3*m + 2. Let u be d(r). Suppose 0*q - 36 = -q. What is the highest common factor of q and u?
4
Suppose f = -f - 5*d + 104, 3*f - 146 = -5*d. Calculate the highest common factor of 42 and f.
42
Suppose -34 = -3*i + 5*k, 0*i + 20 = 2*i - 2*k. What is the greatest common factor of i and 88?
8
Let i be 19/(-2)*(1 + 1). Suppose 183 = 4*v - 377. Let j = i + v. What is the greatest common factor of 11 and j?
11
Suppose -4*p = -6*a + 2*a + 24, -4*a = 3*p - 3. Suppose 0*c - 147 = -a*c. Calculate the greatest common divisor of c and 7.
7
Suppose 3*x - 20 = -2*x. Suppose 4 - 16 = -4*k. Suppose k*g + 2*p + 1 = 0, -5*g + 0*g - 4*p - 3 = 0. Calculate the highest common divisor of x and g.
1
Suppose 11 - 36 = -5*b. Suppose 0 = 3*a - 4 - b. Suppose -5*c = -4*k - 62, -a*c = 2*c + 4*k - 78. What is the highest common divisor of c and 70?
14
Let n(v) = -19*v + 1. Suppose -u + 6 = -3*u, 0 = -4*q - 5*u - 19. Let z be n(q). What is the highest common factor of z and 180?
20
Suppose 0 = -0*g - 4*g + l + 252, 4*l = 5*g - 304. Let n = 11 - 5. Suppose z + n*a - 17 = 3*a, 4*z - 17 = 5*a. Calculate the greatest common divisor of z and g.
8
Let q = 29 - -13. What is the greatest common factor of q and 6?
6
Suppose -3*q = 12, 39 = 5*k + q - 7. Let t = k + -5. Calculate the greatest common factor of 20 and t.
5
Let p = -48 - -68. Suppose -3*c + p = 2*c. What is the highest common factor of c and 2?
2
Suppose -5*n = t - 35, 0 = 8*t - 3*t + 4*n - 70. What is the highest common factor of 10 and t?
10
Suppose 3*y - 90 = -2*y. What is the greatest common divisor of y and 36?
18
Let m be -4 + 2/((-128)/(-60) + -2). Suppose 0 = -3*u + 2*u + 3*h + 14, -u - 4*h + 7 = 0. Calculate the highest common factor of m and u.
11
Suppose -m = o - 3, 0 = 3*o - m + 2 - 11. Suppose -3*p - 4*g = 11 + 38, 0 = -o*p - 3*g - 48. Let t = p + 25. What is the highest common factor of t and 10?
10
Let h(y) be the third derivative of y**6/30 - y**5/30 + y**4/24 - 4*y**2. Let n be h(-3). Let w = n - -192. What is the greatest common factor of w and 7?
7
Suppose 2*q + 16 = 3*k, -3*k - q = -6*q - 31. Let b be (-3)/k*(-60)/(-9). Let i = b + 16. Calculate the greatest common divisor of i and 2.
2
Suppose 11 = 2*m + 3*i - 15, m = i + 8. Calculate the highest common divisor of 40 and m.
10
Let i = 23 - 3. Let o = -8 - -13. Let z = o - 0. What is the highest common divisor of i and z?
5
Let h(s) = -7*s - 3. Let z be h(-5). Suppose 0 = -3*c + 2*l + 46, -2*c + 31 = -l - 0*l. Calculate the greatest common divisor of z and c.
16
Let z(b) = -14*b**3 - b**2 + 6*b + 6. Let j be z(-1). What is the greatest common factor of 91 and j?
13
Suppose 5*j = 2*a + 18 + 2, -12 = -3*j + 3*a. Suppose 3*l = 12, 5*d - 312 - 257 = j*l. What is the greatest common divisor of d and 13?
13
Let y = 39 - 9. Calculate the highest common divisor of y and 150.
30
Suppose 6*x - 56 = 2*x. Suppose 0 = -3*d + 22 + x. Calculate the greatest common divisor of 8 and d.
4
Let f = 3 - -3. Suppose -11 - f = -c. Calculate the highest common divisor of 119 and c.
17
Let b be (2 - (1 - -1)) + 49. Suppose -4*f + 47 = -2*d - 15, 3*d = -3*f + 24. Let x = f - 6. Calculate the greatest common divisor of b and x.
7
Let m = -18 + 10. Suppose 14 = -4*s - 70. Let t be (m/(-6))/((-2)/s). Calculate the greatest common divisor of t and 14.
14
Let k be (2 - -68)*(-1 + 2). Suppose a - 20 = -5*c, -5*a + 6*a = 3*c + 4. Let l be (-260)/(-25) + (-4)/a. What is the greatest common factor of k and l?
10
Let s(d) = -2*d - 10. Let q be s(-7). Suppose -q*r = -8, 3*g + 0*r = -r + 563. What is the highest common factor of 17 and g?
17
Let x = 44 + -19. Let j(g) = -4*g**3 - g. Let b be j(-1). What is the greatest common factor of x and b?
5
Let o be (-8)/(-3)*(3 + 0). Let a be 40/(-12)*12/10. Let s be 16*((-4)/2 - a). Calculate the highest common factor of s and o.
8
Suppose -d - 10 = 3*q, 3*q = d + 4*q + 6. Let m be 2/(-8) + (-13)/d. Calculate the greatest common factor of 9 and m.
3
Let m = -24 + 48. Calculate the greatest common factor of 120 and m.
24
Let p(b) = -b**2 - 2. Let c be p(-4). Let m = -14 - c. Calculate the highest common divisor of 36 and m.
4
Let m be (-63)/(0 - 3) - 2. Calculate the highest common factor of 171 and m.
19
Let v be (5 - (0 - 0)) + 2. Suppose -5*c + 152 = -23. Calculate the greatest common divisor of c and v.
7
Let u(l) = l**3 + 19*l**2 - 21*l + 10. Let b be u(-20). What is the highest common factor of 20 and b?
10
Suppose 4*b + 4*q - 132 = 2*q, -172 = -5*b + q. Let c = b - 2. What is the highest common factor of c and 8?
8
Let j = 16 - 7. Suppose 0 = -7*p + 4*p + j. Let i = -14 - -35. Calculate the highest common factor of i and p.
3
Suppose 0 - 28 = -4*s. Let l = -3 + s. Suppose -3 = -m + l. What is the highest common factor of m and 28?
7
Let c be 64/36 + 4/18. Let o = 69